[INFO] fetching crate everscale-raptorq 1.7.0...
[INFO] checking everscale-raptorq-1.7.0 against master#e6e4f7ed1589e03bc2f6c5931c1a72e7947e8682 for beta-170-4
[INFO] extracting crate everscale-raptorq 1.7.0 into /workspace/builds/worker-3-tc2/source
[INFO] validating manifest of crates.io crate everscale-raptorq 1.7.0 on toolchain e6e4f7ed1589e03bc2f6c5931c1a72e7947e8682
[INFO] running `Command { std: CARGO_HOME="/workspace/cargo-home" RUSTUP_HOME="/workspace/rustup-home" "/workspace/cargo-home/bin/cargo" "+e6e4f7ed1589e03bc2f6c5931c1a72e7947e8682" "metadata" "--manifest-path" "Cargo.toml" "--no-deps", kill_on_drop: false }`
[INFO] removed /workspace/builds/worker-3-tc2/source/.cargo/config.toml
[INFO] started tweaking crates.io crate everscale-raptorq 1.7.0
[INFO] finished tweaking crates.io crate everscale-raptorq 1.7.0
[INFO] tweaked toml for crates.io crate everscale-raptorq 1.7.0 written to /workspace/builds/worker-3-tc2/source/Cargo.toml
[INFO] crate crates.io crate everscale-raptorq 1.7.0 already has a lockfile, it will not be regenerated
[INFO] running `Command { std: CARGO_HOME="/workspace/cargo-home" RUSTUP_HOME="/workspace/rustup-home" "/workspace/cargo-home/bin/cargo" "+e6e4f7ed1589e03bc2f6c5931c1a72e7947e8682" "fetch" "--manifest-path" "Cargo.toml", kill_on_drop: false }`
[INFO] running `Command { std: "docker" "create" "-v" "/var/lib/crater-agent-workspace/builds/worker-3-tc2/target:/opt/rustwide/target:rw,Z" "-v" "/var/lib/crater-agent-workspace/builds/worker-3-tc2/source:/opt/rustwide/workdir:ro,Z" "-v" "/var/lib/crater-agent-workspace/cargo-home:/opt/rustwide/cargo-home:ro,Z" "-v" "/var/lib/crater-agent-workspace/rustup-home:/opt/rustwide/rustup-home:ro,Z" "-e" "SOURCE_DIR=/opt/rustwide/workdir" "-e" "CARGO_TARGET_DIR=/opt/rustwide/target" "-e" "CARGO_HOME=/opt/rustwide/cargo-home" "-e" "RUSTUP_HOME=/opt/rustwide/rustup-home" "-w" "/opt/rustwide/workdir" "-m" "1610612736" "--user" "0:0" "--network" "none" "ghcr.io/rust-lang/crates-build-env/linux@sha256:19e73879b68f455e41552ea35293514db52ea292d993f571636dbffedb77a1ee" "/opt/rustwide/cargo-home/bin/cargo" "+e6e4f7ed1589e03bc2f6c5931c1a72e7947e8682" "metadata" "--no-deps" "--format-version=1", kill_on_drop: false }`
[INFO] [stdout] 5371d58d462d6c0812ff919bdd481891dcc8d269587bea030e1e3831a50d0329
[INFO] running `Command { std: "docker" "start" "-a" "5371d58d462d6c0812ff919bdd481891dcc8d269587bea030e1e3831a50d0329", kill_on_drop: false }`
[INFO] running `Command { std: "docker" "inspect" "5371d58d462d6c0812ff919bdd481891dcc8d269587bea030e1e3831a50d0329", kill_on_drop: false }`
[INFO] running `Command { std: "docker" "rm" "-f" "5371d58d462d6c0812ff919bdd481891dcc8d269587bea030e1e3831a50d0329", kill_on_drop: false }`
[INFO] [stdout] 5371d58d462d6c0812ff919bdd481891dcc8d269587bea030e1e3831a50d0329
[INFO] running `Command { std: "docker" "create" "-v" "/var/lib/crater-agent-workspace/builds/worker-3-tc2/target:/opt/rustwide/target:rw,Z" "-v" "/var/lib/crater-agent-workspace/builds/worker-3-tc2/source:/opt/rustwide/workdir:ro,Z" "-v" "/var/lib/crater-agent-workspace/cargo-home:/opt/rustwide/cargo-home:ro,Z" "-v" "/var/lib/crater-agent-workspace/rustup-home:/opt/rustwide/rustup-home:ro,Z" "-e" "SOURCE_DIR=/opt/rustwide/workdir" "-e" "CARGO_TARGET_DIR=/opt/rustwide/target" "-e" "CARGO_INCREMENTAL=0" "-e" "RUST_BACKTRACE=full" "-e" "RUSTFLAGS=--cap-lints=forbid" "-e" "RUSTDOCFLAGS=--cap-lints=forbid" "-e" "CARGO_HOME=/opt/rustwide/cargo-home" "-e" "RUSTUP_HOME=/opt/rustwide/rustup-home" "-w" "/opt/rustwide/workdir" "-m" "1610612736" "--user" "0:0" "--network" "none" "ghcr.io/rust-lang/crates-build-env/linux@sha256:19e73879b68f455e41552ea35293514db52ea292d993f571636dbffedb77a1ee" "/opt/rustwide/cargo-home/bin/cargo" "+e6e4f7ed1589e03bc2f6c5931c1a72e7947e8682" "check" "--frozen" "--all" "--all-targets" "--message-format=json", kill_on_drop: false }`
[INFO] [stdout] 0600fcb44b997be2aa21a1cd3a95dd25c640fd9993d1583e9b3905415f17ac4b
[INFO] running `Command { std: "docker" "start" "-a" "0600fcb44b997be2aa21a1cd3a95dd25c640fd9993d1583e9b3905415f17ac4b", kill_on_drop: false }`
[INFO] [stderr]    Compiling libc v0.2.126
[INFO] [stderr]    Compiling serde v1.0.137
[INFO] [stderr]    Compiling semver v1.0.9
[INFO] [stderr]    Compiling proc-macro2 v1.0.39
[INFO] [stderr]    Compiling unicode-ident v1.0.0
[INFO] [stderr]    Compiling num-integer v0.1.45
[INFO] [stderr]     Checking ryu v1.0.10
[INFO] [stderr]    Compiling syn v1.0.95
[INFO] [stderr]    Compiling serde_json v1.0.81
[INFO] [stderr]     Checking plotters-backend v0.3.2
[INFO] [stderr]    Compiling serde_derive v1.0.137
[INFO] [stderr]     Checking hamming v0.1.3
[INFO] [stderr]     Checking itoa v1.0.2
[INFO] [stderr]     Checking primal-bit v0.3.0
[INFO] [stderr]     Checking textwrap v0.11.0
[INFO] [stderr]     Checking plotters-svg v0.3.1
[INFO] [stderr]    Compiling rustc_version v0.4.0
[INFO] [stderr]     Checking smallvec v1.8.0
[INFO] [stderr]     Checking regex-syntax v0.6.26
[INFO] [stderr]     Checking primal-estimate v0.3.1
[INFO] [stderr]     Checking primal-check v0.3.1
[INFO] [stderr]    Compiling quote v1.0.18
[INFO] [stderr]     Checking primal-sieve v0.3.2
[INFO] [stderr]     Checking clap v2.34.0
[INFO] [stderr]     Checking num_cpus v1.13.1
[INFO] [stderr]    Compiling cast v0.2.7
[INFO] [stderr]     Checking getrandom v0.2.6
[INFO] [stderr]     Checking rand_core v0.6.3
[INFO] [stderr]     Checking rayon-core v1.9.3
[INFO] [stderr]     Checking rand_chacha v0.3.1
[INFO] [stderr]     Checking atty v0.2.14
[INFO] [stderr]     Checking plotters v0.3.1
[INFO] [stderr]     Checking criterion-plot v0.4.4
[INFO] [stderr]     Checking rayon v1.5.3
[INFO] [stderr]     Checking rand v0.8.5
[INFO] [stderr]     Checking primal v0.3.0
[INFO] [stderr]     Checking threadpool v1.8.1
[INFO] [stderr]     Checking regex v1.5.6
[INFO] [stderr]     Checking everscale-raptorq v1.7.0 (/opt/rustwide/workdir)
[INFO] [stderr]     Checking bstr v0.2.17
[INFO] [stderr]     Checking serde_cbor v0.11.2
[INFO] [stderr]     Checking csv v1.1.6
[INFO] [stderr]     Checking tinytemplate v1.2.1
[INFO] [stderr]     Checking criterion v0.3.5
[INFO] [stdout] error[E0432]: unresolved import `raptorq`
[INFO] [stdout]  --> examples/main.rs:3:5
[INFO] [stdout]   |
[INFO] [stdout] 3 | use raptorq::{Decoder, Encoder, EncodingPacket};
[INFO] [stdout]   |     ^^^^^^^ use of undeclared crate or module `raptorq`
[INFO] [stdout] 
[INFO] [stdout] 
[INFO] [stdout] error[E0432]: unresolved import `raptorq`
[INFO] [stdout]  --> benches/decode_benchmark.rs:2:5
[INFO] [stdout]   |
[INFO] [stdout] 2 | use raptorq::{ObjectTransmissionInformation, SourceBlockDecoder, SourceBlockEncoder};
[INFO] [stdout]   |     ^^^^^^^ use of undeclared crate or module `raptorq`
[INFO] [stdout] 
[INFO] [stdout] 
[INFO] [stdout] error[E0432]: unresolved import `raptorq`
[INFO] [stdout]  --> benches/encode_benchmark.rs:2:5
[INFO] [stdout]   |
[INFO] [stdout] 2 | use raptorq::{ObjectTransmissionInformation, SourceBlockEncoder, SourceBlockEncodingPlan};
[INFO] [stdout]   |     ^^^^^^^ use of undeclared crate or module `raptorq`
[INFO] [stdout] 
[INFO] [stdout] 
[INFO] [stdout] error[E0432]: unresolved import `raptorq`
[INFO] [stdout]  --> benches/matrix_sparsity.rs:1:5
[INFO] [stdout]   |
[INFO] [stdout] 1 | use raptorq::generate_constraint_matrix;
[INFO] [stdout]   |     ^^^^^^^ use of undeclared crate or module `raptorq`
[INFO] [stdout] 
[INFO] [stdout] 
[INFO] [stdout] error[E0432]: unresolved import `raptorq`
[INFO] [stdout]  --> benches/matrix_sparsity.rs:2:5
[INFO] [stdout]   |
[INFO] [stdout] 2 | use raptorq::IntermediateSymbolDecoder;
[INFO] [stdout]   |     ^^^^^^^ use of undeclared crate or module `raptorq`
[INFO] [stdout] 
[INFO] [stdout] 
[INFO] [stdout] error[E0432]: unresolved import `raptorq`
[INFO] [stdout]  --> benches/matrix_sparsity.rs:3:5
[INFO] [stdout]   |
[INFO] [stdout] 3 | use raptorq::Octet;
[INFO] [stdout]   |     ^^^^^^^ use of undeclared crate or module `raptorq`
[INFO] [stdout] 
[INFO] [stdout] 
[INFO] [stdout] error[E0432]: unresolved import `raptorq`
[INFO] [stdout]  --> benches/matrix_sparsity.rs:4:5
[INFO] [stdout]   |
[INFO] [stdout] 4 | use raptorq::Symbol;
[INFO] [stdout]   |     ^^^^^^^ use of undeclared crate or module `raptorq`
[INFO] [stdout] 
[INFO] [stdout] 
[INFO] [stdout] error[E0432]: unresolved import `raptorq`
[INFO] [stdout]  --> benches/matrix_sparsity.rs:5:5
[INFO] [stdout]   |
[INFO] [stdout] 5 | use raptorq::{extended_source_block_symbols, BinaryMatrix, SparseBinaryMatrix};
[INFO] [stdout]   |     ^^^^^^^ use of undeclared crate or module `raptorq`
[INFO] [stdout] 
[INFO] [stdout] 
[INFO] [stdout] error[E0432]: unresolved import `raptorq`
[INFO] [stdout]  --> benches/codec_benchmark.rs:8:5
[INFO] [stdout]   |
[INFO] [stdout] 8 | use raptorq::SourceBlockDecoder;
[INFO] [stdout]   |     ^^^^^^^ use of undeclared crate or module `raptorq`
[INFO] [stdout] 
[INFO] [stdout] 
[INFO] [stdout] error[E0432]: unresolved import `raptorq`
[INFO] [stdout]  --> benches/codec_benchmark.rs:9:5
[INFO] [stdout]   |
[INFO] [stdout] 9 | use raptorq::SourceBlockEncoder;
[INFO] [stdout]   |     ^^^^^^^ use of undeclared crate or module `raptorq`
[INFO] [stdout] 
[INFO] [stdout] 
[INFO] [stdout] error[E0432]: unresolved import `raptorq`
[INFO] [stdout]   --> benches/codec_benchmark.rs:10:5
[INFO] [stdout]    |
[INFO] [stdout] 10 | use raptorq::Symbol;
[INFO] [stdout]    |     ^^^^^^^ use of undeclared crate or module `raptorq`
[INFO] [stdout] 
[INFO] [stdout] 
[INFO] [stdout] error[E0432]: unresolved import `raptorq`
[INFO] [stdout]   --> benches/codec_benchmark.rs:11:5
[INFO] [stdout]    |
[INFO] [stdout] 11 | use raptorq::{ObjectTransmissionInformation, Octet};
[INFO] [stdout]    |     ^^^^^^^ use of undeclared crate or module `raptorq`
[INFO] [stdout] 
[INFO] [stdout] 
[INFO] [stdout] warning: unused import: `rand::seq::SliceRandom`
[INFO] [stdout]  --> examples/main.rs:1:5
[INFO] [stdout]   |
[INFO] [stdout] 1 | use rand::seq::SliceRandom;
[INFO] [stdout]   |     ^^^^^^^^^^^^^^^^^^^^^^
[INFO] [stdout]   |
[INFO] [stdout]   = note: `#[warn(unused_imports)]` on by default
[INFO] [stdout] 
[INFO] [stdout] 
[INFO] [stdout] error: aborting due to previous error; 1 warning emitted
[INFO] [stdout] 
[INFO] [stdout] 
[INFO] [stdout] For more information about this error, try `rustc --explain E0432`.
[INFO] [stdout] 
[INFO] [stdout] warning: use of deprecated struct `criterion::Benchmark`: Please use BenchmarkGroups instead.
[INFO] [stdout]  --> benches/codec_benchmark.rs:3:16
[INFO] [stdout]   |
[INFO] [stdout] 3 | use criterion::Benchmark;
[INFO] [stdout]   |                ^^^^^^^^^
[INFO] [stdout]   |
[INFO] [stdout]   = note: `#[warn(deprecated)]` on by default
[INFO] [stdout] 
[INFO] [stdout] 
[INFO] [stdout] warning: use of deprecated struct `criterion::Benchmark`: Please use BenchmarkGroups instead.
[INFO] [stdout]   --> benches/codec_benchmark.rs:29:9
[INFO] [stdout]    |
[INFO] [stdout] 29 |         Benchmark::new("", move |b| {
[INFO] [stdout]    |         ^^^^^^^^^
[INFO] [stdout] 
[INFO] [stdout] 
[INFO] [stdout] warning: use of deprecated struct `criterion::Benchmark`: Please use BenchmarkGroups instead.
[INFO] [stdout]   --> benches/codec_benchmark.rs:43:9
[INFO] [stdout]    |
[INFO] [stdout] 43 |         Benchmark::new("", move |b| {
[INFO] [stdout]    |         ^^^^^^^^^
[INFO] [stdout] 
[INFO] [stdout] 
[INFO] [stdout] warning: use of deprecated struct `criterion::Benchmark`: Please use BenchmarkGroups instead.
[INFO] [stdout]   --> benches/codec_benchmark.rs:58:9
[INFO] [stdout]    |
[INFO] [stdout] 58 |         Benchmark::new("", move |b| {
[INFO] [stdout]    |         ^^^^^^^^^
[INFO] [stdout] 
[INFO] [stdout] 
[INFO] [stdout] warning: use of deprecated struct `criterion::Benchmark`: Please use BenchmarkGroups instead.
[INFO] [stdout]   --> benches/codec_benchmark.rs:78:9
[INFO] [stdout]    |
[INFO] [stdout] 78 |         Benchmark::new("", move |b| {
[INFO] [stdout]    |         ^^^^^^^^^
[INFO] [stdout] 
[INFO] [stdout] 
[INFO] [stdout] warning: use of deprecated struct `criterion::Benchmark`: Please use BenchmarkGroups instead.
[INFO] [stdout]   --> benches/codec_benchmark.rs:91:9
[INFO] [stdout]    |
[INFO] [stdout] 91 |         Benchmark::new("", move |b| {
[INFO] [stdout]    |         ^^^^^^^^^
[INFO] [stdout] 
[INFO] [stdout] 
[INFO] [stdout] warning: use of deprecated struct `criterion::Benchmark`: Please use BenchmarkGroups instead.
[INFO] [stdout]    --> benches/codec_benchmark.rs:105:9
[INFO] [stdout]     |
[INFO] [stdout] 105 |         Benchmark::new("", move |b| {
[INFO] [stdout]     |         ^^^^^^^^^
[INFO] [stdout] 
[INFO] [stdout] 
[INFO] [stderr] error: could not compile `everscale-raptorq` (example "main") due to 2 previous errors; 1 warning emitted
[INFO] [stderr] warning: build failed, waiting for other jobs to finish...
[INFO] [stdout] warning: use of deprecated method `criterion::Criterion::<M>::bench`: Please use BenchmarkGroups instead.
[INFO] [stdout]   --> benches/codec_benchmark.rs:27:7
[INFO] [stdout]    |
[INFO] [stdout] 27 |     c.bench(
[INFO] [stdout]    |       ^^^^^
[INFO] [stdout] 
[INFO] [stdout] 
[INFO] [stdout] warning: use of deprecated method `criterion::Criterion::<M>::bench`: Please use BenchmarkGroups instead.
[INFO] [stdout]   --> benches/codec_benchmark.rs:41:7
[INFO] [stdout]    |
[INFO] [stdout] 41 |     c.bench(
[INFO] [stdout]    |       ^^^^^
[INFO] [stdout] 
[INFO] [stdout] 
[INFO] [stdout] warning: use of deprecated method `criterion::Criterion::<M>::bench`: Please use BenchmarkGroups instead.
[INFO] [stdout]   --> benches/codec_benchmark.rs:56:7
[INFO] [stdout]    |
[INFO] [stdout] 56 |     c.bench(
[INFO] [stdout]    |       ^^^^^
[INFO] [stdout] 
[INFO] [stdout] 
[INFO] [stdout] error[E0283]: type annotations needed
[INFO] [stdout]  --> benches/decode_benchmark.rs:9:36
[INFO] [stdout]   |
[INFO] [stdout] 9 |     if value == rand::thread_rng().gen() {
[INFO] [stdout]   |              --                    ^^^ cannot infer type of the type parameter `T` declared on the method `gen`
[INFO] [stdout]   |              |
[INFO] [stdout]   |              type must be known at this point
[INFO] [stdout]   |
[INFO] [stdout]   = note: multiple `impl`s satisfying `u64: PartialEq<_>` found in the following crates: `core`, `serde_json`:
[INFO] [stdout]           - impl PartialEq for u64;
[INFO] [stdout]           - impl PartialEq<serde_json::Value> for u64;
[INFO] [stdout] help: consider specifying the generic argument
[INFO] [stdout]   |
[INFO] [stdout] 9 |     if value == rand::thread_rng().gen::<T>() {
[INFO] [stdout]   |                                       +++++
[INFO] [stdout] 
[INFO] [stdout] 
[INFO] [stdout] error[E0283]: type annotations needed
[INFO] [stdout]  --> benches/encode_benchmark.rs:9:36
[INFO] [stdout]   |
[INFO] [stdout] 9 |     if value == rand::thread_rng().gen() {
[INFO] [stdout]   |              --                    ^^^ cannot infer type of the type parameter `T` declared on the method `gen`
[INFO] [stdout]   |              |
[INFO] [stdout]   |              type must be known at this point
[INFO] [stdout]   |
[INFO] [stdout]   = note: multiple `impl`s satisfying `u64: PartialEq<_>` found in the following crates: `core`, `serde_json`:
[INFO] [stdout]           - impl PartialEq for u64;
[INFO] [stdout]           - impl PartialEq<serde_json::Value> for u64;
[INFO] [stdout] help: consider specifying the generic argument
[INFO] [stdout]   |
[INFO] [stdout] 9 |     if value == rand::thread_rng().gen::<T>() {
[INFO] [stdout]   |                                       +++++
[INFO] [stdout] 
[INFO] [stdout] 
[INFO] [stdout] warning: use of deprecated method `criterion::Criterion::<M>::bench`: Please use BenchmarkGroups instead.
[INFO] [stdout]   --> benches/codec_benchmark.rs:76:7
[INFO] [stdout]    |
[INFO] [stdout] 76 |     c.bench(
[INFO] [stdout]    |       ^^^^^
[INFO] [stdout] 
[INFO] [stdout] 
[INFO] [stdout] warning: use of deprecated method `criterion::Criterion::<M>::bench`: Please use BenchmarkGroups instead.
[INFO] [stdout]   --> benches/codec_benchmark.rs:89:7
[INFO] [stdout]    |
[INFO] [stdout] 89 |     c.bench(
[INFO] [stdout]    |       ^^^^^
[INFO] [stdout] 
[INFO] [stdout] 
[INFO] [stdout] warning: use of deprecated method `criterion::Criterion::<M>::bench`: Please use BenchmarkGroups instead.
[INFO] [stdout]    --> benches/codec_benchmark.rs:103:7
[INFO] [stdout]     |
[INFO] [stdout] 103 |     c.bench(
[INFO] [stdout]     |       ^^^^^
[INFO] [stdout] 
[INFO] [stdout] 
[INFO] [stdout] error: aborting due to 2 previous errors
[INFO] [stdout] 
[INFO] [stdout] 
[INFO] [stdout] Some errors have detailed explanations: E0283, E0432.
[INFO] [stdout] 
[INFO] [stdout] For more information about an error, try `rustc --explain E0283`.
[INFO] [stdout] 
[INFO] [stdout] error: aborting due to 5 previous errors
[INFO] [stdout] 
[INFO] [stdout] 
[INFO] [stdout] For more information about this error, try `rustc --explain E0432`.
[INFO] [stdout] 
[INFO] [stdout] error: aborting due to 2 previous errors
[INFO] [stdout] 
[INFO] [stdout] 
[INFO] [stdout] Some errors have detailed explanations: E0283, E0432.
[INFO] [stdout] 
[INFO] [stdout] For more information about an error, try `rustc --explain E0283`.
[INFO] [stdout] 
[INFO] [stdout] error: aborting due to 4 previous errors; 13 warnings emitted
[INFO] [stdout] 
[INFO] [stdout] 
[INFO] [stdout] For more information about this error, try `rustc --explain E0432`.
[INFO] [stdout] 
[INFO] [stderr] error: could not compile `everscale-raptorq` (bench "matrix_sparsity") due to 6 previous errors
[INFO] [stderr] error: could not compile `everscale-raptorq` (bench "decode_benchmark") due to 3 previous errors
[INFO] [stderr] error: could not compile `everscale-raptorq` (bench "encode_benchmark") due to 3 previous errors
[INFO] [stderr] error: could not compile `everscale-raptorq` (bench "codec_benchmark") due to 5 previous errors; 13 warnings emitted
[INFO] running `Command { std: "docker" "inspect" "0600fcb44b997be2aa21a1cd3a95dd25c640fd9993d1583e9b3905415f17ac4b", kill_on_drop: false }`
[INFO] running `Command { std: "docker" "rm" "-f" "0600fcb44b997be2aa21a1cd3a95dd25c640fd9993d1583e9b3905415f17ac4b", kill_on_drop: false }`
[INFO] [stdout] 0600fcb44b997be2aa21a1cd3a95dd25c640fd9993d1583e9b3905415f17ac4b
